{"id":19,"date":"2019-04-13T18:30:24","date_gmt":"2019-04-13T16:30:24","guid":{"rendered":"https:\/\/cp13.nordicway.dk\/~salsavib\/?page_id=19"},"modified":"2025-12-05T15:38:52","modified_gmt":"2025-12-05T14:38:52","slug":"salsa-viborg","status":"publish","type":"page","link":"https:\/\/cp13.nordicway.dk\/~salsavib\/","title":{"rendered":"Salsa Viborg &#8211; Home"},"content":{"rendered":"<p><div class=\"fusion-fullwidth fullwidth-box fusion-builder-row-1 fusion-flex-container nonhundred-percent-fullwidth non-hundred-percent-height-scrolling\" style=\"--awb-border-radius-top-left:0px;--awb-border-radius-top-right:0px;--awb-border-radius-bottom-right:0px;--awb-border-radius-bottom-left:0px;--awb-flex-wrap:wrap;\" ><div class=\"fusion-builder-row fusion-row fusion-flex-align-items-flex-start fusion-flex-content-wrap\" style=\"max-width:104%;margin-left: calc(-4% \/ 2 );margin-right: calc(-4% \/ 2 );\"><div class=\"fusion-layout-column fusion_builder_column fusion-builder-column-0 fusion_builder_column_1_1 1_1 fusion-flex-column\" style=\"--awb-bg-size:cover;--awb-width-large:100%;--awb-margin-top-large:0px;--awb-spacing-right-large:0.768%;--awb-margin-bottom-large:0px;--awb-spacing-left-large:0%;--awb-width-medium:100%;--awb-order-medium:0;--awb-spacing-right-medium:1.92%;--awb-spacing-left-medium:1.92%;--awb-width-small:100%;--awb-order-small:0;--awb-spacing-right-small:1.92%;--awb-spacing-left-small:1.92%;\"><div class=\"fusion-column-wrapper fusion-column-has-shadow fusion-flex-justify-content-flex-start fusion-content-layout-column\"><div class=\"fusion-image-carousel fusion-image-carousel-auto fusion-image-carousel-1\"><div class=\"awb-carousel awb-swiper awb-swiper-carousel awb-carousel--coverflow awb-swiper-progress-position-bottom\" data-layout=\"coverflow\" data-autoplay=\"yes\" data-autoplayspeed=\"2500\" data-autoplaypause=\"no\" data-columns=\"5\" data-columnsmedium=\"1\" data-columnssmall=\"1\" data-itemmargin=\"13\" data-itemwidth=\"180\" data-touchscroll=\"no\" data-freemode=\"no\" data-imagesize=\"auto\" data-scrollitems=\"0\" data-centeredslides=\"no\" data-rotationangle=\"50\" data-depth=\"100\" data-speed=\"550\" data-shadow=\"no\" data-pagination=\"progressbar\" style=\"--awb-dots-align:center;\"><div class=\"swiper-wrapper awb-image-carousel-wrapper fusion-flex-align-items-center\"><div class=\"swiper-slide\"><div class=\"fusion-carousel-item-wrapper\"><div class=\"fusion-image-wrapper hover-type-none\"><a href=\"https:\/\/www.facebook.com\/salsaviborg\" target=\"_self\"><img decoding=\"async\" width=\"800\" height=\"267\" src=\"https:\/\/i0.wp.com\/cp13.nordicway.dk\/~salsavib\/wp-content\/uploads\/2025\/10\/banner.jpg?fit=800%2C267&ssl=1\" class=\"attachment-full size-full\" alt=\"Salsaviborg facebook \" srcset=\"https:\/\/i0.wp.com\/cp13.nordicway.dk\/~salsavib\/wp-content\/uploads\/2025\/10\/banner.jpg?resize=18%2C6&amp;ssl=1 18w, https:\/\/i0.wp.com\/cp13.nordicway.dk\/~salsavib\/wp-content\/uploads\/2025\/10\/banner.jpg?resize=200%2C67&amp;ssl=1 200w, https:\/\/i0.wp.com\/cp13.nordicway.dk\/~salsavib\/wp-content\/uploads\/2025\/10\/banner.jpg?resize=300%2C100&amp;ssl=1 300w, https:\/\/i0.wp.com\/cp13.nordicway.dk\/~salsavib\/wp-content\/uploads\/2025\/10\/banner.jpg?resize=400%2C134&amp;ssl=1 400w, https:\/\/i0.wp.com\/cp13.nordicway.dk\/~salsavib\/wp-content\/uploads\/2025\/10\/banner.jpg?resize=600%2C200&amp;ssl=1 600w, https:\/\/i0.wp.com\/cp13.nordicway.dk\/~salsavib\/wp-content\/uploads\/2025\/10\/banner.jpg?resize=768%2C256&amp;ssl=1 768w, https:\/\/i0.wp.com\/cp13.nordicway.dk\/~salsavib\/wp-content\/uploads\/2025\/10\/banner.jpg?fit=800%2C267&amp;ssl=1 800w\" sizes=\"(min-width: 2200px) 100vw, (min-width: 1057px) 954px, (min-width: 965px) 1057px, \" \/><\/a><\/div><\/div><\/div><div class=\"swiper-slide\"><div class=\"fusion-carousel-item-wrapper\"><div class=\"fusion-image-wrapper hover-type-none\"><a href=\"https:\/\/salsaviborg.nemtilmeld.dk\/\" target=\"_self\"><img data-recalc-dims=\"1\" decoding=\"async\" width=\"1536\" height=\"512\" src=\"https:\/\/i0.wp.com\/cp13.nordicway.dk\/~salsavib\/wp-content\/uploads\/2025\/10\/bannerNemTilmeld.jpg?resize=1536%2C512&#038;ssl=1\" class=\"attachment-full size-full\" alt=\"Salsa Viborg Hold Tilmelding\" srcset=\"https:\/\/i0.wp.com\/cp13.nordicway.dk\/~salsavib\/wp-content\/uploads\/2025\/10\/bannerNemTilmeld.jpg?resize=18%2C6&amp;ssl=1 18w, https:\/\/i0.wp.com\/cp13.nordicway.dk\/~salsavib\/wp-content\/uploads\/2025\/10\/bannerNemTilmeld.jpg?resize=200%2C67&amp;ssl=1 200w, https:\/\/i0.wp.com\/cp13.nordicway.dk\/~salsavib\/wp-content\/uploads\/2025\/10\/bannerNemTilmeld.jpg?resize=300%2C100&amp;ssl=1 300w, https:\/\/i0.wp.com\/cp13.nordicway.dk\/~salsavib\/wp-content\/uploads\/2025\/10\/bannerNemTilmeld.jpg?resize=400%2C133&amp;ssl=1 400w, https:\/\/i0.wp.com\/cp13.nordicway.dk\/~salsavib\/wp-content\/uploads\/2025\/10\/bannerNemTilmeld.jpg?resize=600%2C200&amp;ssl=1 600w, https:\/\/i0.wp.com\/cp13.nordicway.dk\/~salsavib\/wp-content\/uploads\/2025\/10\/bannerNemTilmeld.jpg?resize=768%2C256&amp;ssl=1 768w, https:\/\/i0.wp.com\/cp13.nordicway.dk\/~salsavib\/wp-content\/uploads\/2025\/10\/bannerNemTilmeld.jpg?resize=800%2C267&amp;ssl=1 800w, https:\/\/i0.wp.com\/cp13.nordicway.dk\/~salsavib\/wp-content\/uploads\/2025\/10\/bannerNemTilmeld.jpg?resize=1024%2C341&amp;ssl=1 1024w, https:\/\/i0.wp.com\/cp13.nordicway.dk\/~salsavib\/wp-content\/uploads\/2025\/10\/bannerNemTilmeld.jpg?resize=1200%2C400&amp;ssl=1 1200w, https:\/\/i0.wp.com\/cp13.nordicway.dk\/~salsavib\/wp-content\/uploads\/2025\/10\/bannerNemTilmeld.jpg?fit=1536%2C512&amp;ssl=1 1536w\" sizes=\"(min-width: 2200px) 100vw, (min-width: 1057px) 954px, (min-width: 965px) 1057px, \" \/><\/a><\/div><\/div><\/div><\/div><div class=\"swiper-pagination\"><\/div><div class=\"awb-swiper-button awb-swiper-button-prev\"><i class=\"awb-icon-angle-left\" aria-hidden=\"true\"><\/i><\/div><div class=\"awb-swiper-button awb-swiper-button-next\"><i class=\"awb-icon-angle-right\" aria-hidden=\"true\"><\/i><\/div><\/div><\/div><div class=\"fusion-social-links fusion-social-links-1\" style=\"--awb-margin-top:0px;--awb-margin-right:0px;--awb-margin-bottom:0px;--awb-margin-left:0px;--awb-box-border-top:0px;--awb-box-border-right:0px;--awb-box-border-bottom:0px;--awb-box-border-left:0px;--awb-icon-colors-hover:rgba(190,189,189,0.8);--awb-box-colors-hover:rgba(232,232,232,0.8);--awb-box-border-color:var(--awb-color3);--awb-box-border-color-hover:var(--awb-color4);\"><div class=\"fusion-social-networks boxed-icons color-type-custom\"><div class=\"fusion-social-networks-wrapper\"><a class=\"fusion-social-network-icon fusion-tooltip fusion-facebook awb-icon-facebook\" style=\"color:#bebdbd;font-size:18px;width:18px;background-color:#e8e8e8;border-color:#e8e8e8;border-radius:50%;\" data-placement=\"top\" data-title=\"Facebook\" data-toggle=\"tooltip\" title=\"Facebook\" aria-label=\"facebook\" target=\"_blank\" rel=\"noopener noreferrer\" href=\"https:\/\/www.facebook.com\/salsaviborg\"><\/a><a class=\"fusion-social-network-icon fusion-tooltip fusion-instagram awb-icon-instagram\" style=\"color:#bebdbd;font-size:18px;width:18px;background-color:#e8e8e8;border-color:#e8e8e8;border-radius:50%;\" data-placement=\"top\" data-title=\"Instagram\" data-toggle=\"tooltip\" title=\"Instagram\" aria-label=\"instagram\" target=\"_blank\" rel=\"noopener noreferrer\" href=\"https:\/\/www.instagram.com\/salsaviborg\/reels\/\"><\/a><a class=\"fusion-social-network-icon fusion-tooltip fusion-mail awb-icon-mail\" style=\"color:#bebdbd;font-size:18px;width:18px;background-color:#e8e8e8;border-color:#e8e8e8;border-radius:50%;\" data-placement=\"top\" data-title=\"E-mail\" data-toggle=\"tooltip\" title=\"E-mail\" aria-label=\"mail\" target=\"_blank\" rel=\"noopener noreferrer\" href=\"mailto:s&#097;ls&#097;v&#105;&#098;&#111;rg&#064;&#103;m&#097;&#105;l.com\"><\/a><\/div><\/div><\/div><div class=\"fusion-alert alert notice alert-warning fusion-alert-left fusion-alert-capitalize awb-alert-native-link-color\" role=\"alert\"><div class=\"fusion-alert-content-wrapper\"><span class=\"alert-icon\"><i class=\"awb-icon-cog\" aria-hidden=\"true\"><\/i><\/span><span class=\"fusion-alert-content\"><p>F\u00f8lg os p\u00e5 facebook p\u00e5 vores forenings-side &#8211; du finder den <a href=\"https:\/\/www.facebook.com\/salsaviborg\/\">her&gt;&gt;<\/a><br \/>\nEr der \u00e5ben for tilmelding til n\u00e6ste s\u00e6son, kan du se det p\u00e5 vores nemtilmeld side <a href=\"https:\/\/salsaviborg.nemtilmeld.dk\/\">her&gt;&gt;<\/a><br \/>\nSalsatek Online Bar -&gt;\u00a0<a href=\"https:\/\/salsa-viborg.sumupstore.com\/\">SalsaTek Bar<\/a> &lt;- \u00c5ben ved events<\/p><\/span><\/div><\/div><\/div><\/div><\/div><\/div><div class=\"fusion-bg-parallax\" data-bg-align=\"center center\" data-direction=\"up\" data-mute=\"false\" data-opacity=\"100\" data-velocity=\"-0.2\" data-mobile-enabled=\"false\" data-break_parents=\"0\" data-bg-image=\"https:\/\/cp13.nordicway.dk\/~salsavib\/wp-content\/uploads\/2019\/04\/stort.png\" data-bg-repeat=\"false\" ><\/div><div class=\"fusion-fullwidth fullwidth-box fusion-builder-row-2 fusion-parallax-up nonhundred-percent-fullwidth non-hundred-percent-height-scrolling\" style=\"--awb-border-sizes-top:0px;--awb-border-sizes-bottom:0px;--awb-border-sizes-left:0px;--awb-border-sizes-right:0px;--awb-border-radius-top-left:0px;--awb-border-radius-top-right:0px;--awb-border-radius-bottom-right:0px;--awb-border-radius-bottom-left:0px;--awb-padding-top:0px;--awb-padding-bottom:200px;--awb-background-image:url(&quot;https:\/\/cp13.nordicway.dk\/~salsavib\/wp-content\/uploads\/2019\/04\/stort.png&quot;);--awb-background-size:cover;--awb-flex-wrap:wrap;\" ><div class=\"fusion-builder-row fusion-row\"><div class=\"fusion-layout-column fusion_builder_column fusion-builder-column-1 fusion_builder_column_1_2 1_2 fusion-one-half fusion-column-first\" style=\"--awb-bg-blend:overlay;--awb-bg-size:cover;\"><div class=\"fusion-column-wrapper fusion-column-has-shadow fusion-flex-column-wrapper-legacy\"><div class=\"fusion-text fusion-text-1\"><h2 style=\"color: #ffffff; padding-top: 50px;\">Tr\u00e6n dig i godt hum\u00f8r med salsa dans i Salsa Viborg.<\/h2>\n<h3 style=\"color: #ffffff;\">Hos os underviser vi i cubansk salsa p\u00e5 flere niveauer: begynder, improver, let \u00f8vet og \u00f8vet.<\/h3>\n<\/div><div class=\"fusion-sep-clear\"><\/div><div class=\"fusion-separator fusion-full-width-sep\" style=\"margin-left: auto;margin-right: auto;margin-top:20px;width:100%;\"><\/div><div class=\"fusion-sep-clear\"><\/div><div class=\"fusion-button-wrapper\"><a class=\"fusion-button button-flat button-large button-custom fusion-button-default button-1 fusion-button-default-span \" style=\"--button_accent_color:#ffffff;--button_accent_hover_color:#ffffff;--button_border_hover_color:#ffffff;--button_border_width-top:2px;--button_border_width-right:2px;--button_border_width-bottom:2px;--button_border_width-left:2px;--button_gradient_top_color:rgba(255,255,255,0);--button_gradient_bottom_color:rgba(255,255,255,0);--button_gradient_top_color_hover:rgba(255,255,255,.1);--button_gradient_bottom_color_hover:rgba(255,255,255,.1);\" target=\"_self\" href=\"https:\/\/cp13.nordicway.dk\/~salsavib\/salsa-hold\/\"><span class=\"fusion-button-text awb-button__text awb-button__text--default\">Find dit hold<\/span><\/a><\/div><div class=\"fusion-button-wrapper\"><a class=\"fusion-button button-flat button-large button-custom fusion-button-default button-2 fusion-button-default-span \" style=\"--button_accent_color:#ffffff;--button_accent_hover_color:#ffffff;--button_border_hover_color:#ffffff;--button_border_width-top:2px;--button_border_width-right:2px;--button_border_width-bottom:2px;--button_border_width-left:2px;--button_gradient_top_color:rgba(255,255,255,0);--button_gradient_bottom_color:rgba(255,255,255,0);--button_gradient_top_color_hover:rgba(255,255,255,.1);--button_gradient_bottom_color_hover:rgba(255,255,255,.1);\" target=\"_blank\" rel=\"noopener noreferrer\" href=\"https:\/\/salsaviborg.nemtilmeld.dk\/\"><span class=\"fusion-button-text awb-button__text awb-button__text--default\">Tilmeld dig<\/span><\/a><\/div><div class=\"fusion-clearfix\"><\/div><\/div><\/div><\/div><\/div>\n<div class=\"fusion-fullwidth fullwidth-box fusion-builder-row-3 nonhundred-percent-fullwidth non-hundred-percent-height-scrolling\" style=\"--awb-border-sizes-top:0px;--awb-border-sizes-bottom:0px;--awb-border-sizes-left:0px;--awb-border-sizes-right:0px;--awb-border-radius-top-left:0px;--awb-border-radius-top-right:0px;--awb-border-radius-bottom-right:0px;--awb-border-radius-bottom-left:0px;--awb-padding-top:20px;--awb-padding-bottom:20px;--awb-flex-wrap:wrap;\" ><div class=\"fusion-builder-row fusion-row\"><div class=\"fusion-layout-column fusion_builder_column fusion-builder-column-2 fusion_builder_column_1_1 1_1 fusion-one-full fusion-column-first fusion-column-last\" style=\"--awb-bg-blend:overlay;--awb-bg-size:cover;\"><div class=\"fusion-column-wrapper fusion-flex-column-wrapper-legacy\"><div class=\"fusion-text fusion-text-2\"><p><span class=\"fusion-dropcap dropcap\">S<\/span>\u200balsa Viborg er en forening stiftet i februar 2015, der \u00f8nsker at udbrede og fremme kendskabet til og kulturen bag salsadans og besl\u00e6gtede latinamerikanske danse samt at etablere og fremme et velfungerende salsamilj\u00f8 i Viborg og omegn.<\/p>\n<p>Vi underviser hovedsageligt i cubansk salsa p\u00e5 flere niveauer, men vi har ogs\u00e5 bachata p\u00e5 programmet.<br \/>\nEn s\u00e6son varer mellem seks og ti gange og vi underviser i 75-90 min. pr. gang. Dermed er prisen heller ikke ens fra s\u00e6son til s\u00e6son.<\/p>\n<p>Lidt om de forskellige hold:<\/p>\n<ul>\n<li>Begynderhold (1) : For dig, der ikke har danset cubansk salsa f\u00f8r eller blot har danset til drop-in hold <strong><em><a href=\"https:\/\/cp13.nordicway.dk\/~salsavib\/salsa-hold\/begyndersalsa\/\">L\u00e6s mere her&gt;&gt;<\/a><\/em><\/strong><\/li>\n<li>Improver (2) : For dig, der kan grundtrin og de fleste basisfigurer <strong><em><a href=\"https:\/\/cp13.nordicway.dk\/~salsavib\/salsa-hold-i-flere-niveauer\/improver-holdet\/\">L\u00e6s mere her&gt;&gt;<\/a><\/em><\/strong><\/li>\n<li>Let\u00f8vet (3) : For dig, der er sikker i grundtrin og basisfigurer <a href=\"https:\/\/cp13.nordicway.dk\/~salsavib\/salsa-hold-i-flere-niveauer\/let-oevet\/\"><strong><em>L\u00e6s mere her&gt;&gt;<\/em><\/strong><\/a><\/li>\n<li>\u00d8vet (4) : For dig, der er meget sikker i b\u00e5de din stil og l\u00e6ngere figurer <strong><em><a href=\"https:\/\/cp13.nordicway.dk\/~salsavib\/salsa-hold-i-flere-niveauer\/oevet-hold\/\">L\u00e6s mere<\/a><\/em><\/strong><strong><em><a href=\"https:\/\/cp13.nordicway.dk\/~salsavib\/salsa-hold\/begyndersalsa\/\"> her&gt;&gt;<\/a><\/em><\/strong><\/li>\n<li>Bachata : Begynderhold For dig, der ikke har danset Bachata<\/li>\n<li>Bachata : Improver er for dig, der allerede har erfaring med bachata. Grundtrinene skal v\u00e6re p\u00e5 plads, og danserne skal kunne f\u00f8lge rytmen p\u00e5 diverse langsomme og medium hastigheds sange.<\/li>\n<\/ul>\n<p>Andet<\/p>\n<ul>\n<li><strong>Hver f\u00f8rste fredag<\/strong> i m\u00e5neden holder vi \u00e5bent <strong>Salsatek kl. 19.30 \u2013 23.00<\/strong> med cubansk salsa og Bachata dans.<\/li>\n<li><strong>Hver Tirsdag <\/strong>er der holdundervisning for medlemmer, alle interesserede er velkomme til at kikke forbi og f\u00e5 en snak med foreningen.<\/li>\n<li><strong>Hver Tirsdag <\/strong>i<b> Juli-August <\/b>sommerferie rykker vi p\u00e5 borgvold til <strong>Salsa Outdoor 18:30-22:00<\/strong>.<\/li>\n<\/ul>\n<p>Vil du vide mere eller har nogle sp\u00f8rgsm\u00e5l er du velkommen til at maile os p\u00e5 <a href=\"mailto:salsaviborg@gmail.com\"><u>salsaviborg@gmail.com<\/u><\/a> eller ringe til 24 88 05 64<br \/>\nNordicWay<\/p>\n<\/div><div class=\"fusion-clearfix\"><\/div><\/div><\/div><\/div><\/div>\n<\/p>\n","protected":false},"excerpt":{"rendered":"","protected":false},"author":1,"featured_media":0,"parent":0,"menu_order":0,"comment_status":"closed","ping_status":"closed","template":"","meta":{"jetpack_post_was_ever_published":false,"footnotes":""},"class_list":["post-19","page","type-page","status-publish","hentry"],"yoast_head":"<!-- This site is optimized with the Yoast SEO plugin v27.4 - https:\/\/yoast.com\/product\/yoast-seo-wordpress\/ -->\n<title>Salsa Viborg - Home - Cubansk salsa dans i viborg<\/title>\n<meta name=\"description\" content=\"Tr\u00e6n dig i godt hum\u00f8r med dans.Hos os i Salsa Viborg underviser vi i cubansk salsa p\u00e5 flere hold og niveauer: begynder, improver, let \u00f8vet og \u00f8vet. Kik ind!\" \/>\n<meta name=\"robots\" content=\"index, follow, max-snippet:-1, max-image-preview:large, max-video-preview:-1\" \/>\n<link rel=\"canonical\" href=\"https:\/\/cp13.nordicway.dk\/~salsavib\/\" \/>\n<meta property=\"og:locale\" content=\"da_DK\" \/>\n<meta property=\"og:type\" content=\"article\" \/>\n<meta property=\"og:title\" content=\"Salsa Viborg - Home - Cubansk salsa dans i viborg\" \/>\n<meta property=\"og:description\" content=\"Tr\u00e6n dig i godt hum\u00f8r med dans.Hos os i Salsa Viborg underviser vi i cubansk salsa p\u00e5 flere hold og niveauer: begynder, improver, let \u00f8vet og \u00f8vet. Kik ind!\" \/>\n<meta property=\"og:url\" content=\"https:\/\/cp13.nordicway.dk\/~salsavib\/\" \/>\n<meta property=\"og:site_name\" content=\"Salsa Viborg\" \/>\n<meta property=\"article:publisher\" content=\"https:\/\/www.facebook.com\/salsaviborg\/\" \/>\n<meta property=\"article:modified_time\" content=\"2025-12-05T14:38:52+00:00\" \/>\n<meta name=\"twitter:card\" content=\"summary_large_image\" \/>\n<meta name=\"twitter:label1\" content=\"Estimeret l\u00e6setid\" \/>\n\t<meta name=\"twitter:data1\" content=\"3 minutter\" \/>\n<script type=\"application\/ld+json\" class=\"yoast-schema-graph\">{\"@context\":\"https:\\\/\\\/schema.org\",\"@graph\":[{\"@type\":\"WebPage\",\"@id\":\"https:\\\/\\\/cp13.nordicway.dk\\\/~salsavib\\\/\",\"url\":\"https:\\\/\\\/cp13.nordicway.dk\\\/~salsavib\\\/\",\"name\":\"Salsa Viborg - Home - Cubansk salsa dans i viborg\",\"isPartOf\":{\"@id\":\"https:\\\/\\\/cp13.nordicway.dk\\\/~salsavib\\\/#website\"},\"datePublished\":\"2019-04-13T16:30:24+00:00\",\"dateModified\":\"2025-12-05T14:38:52+00:00\",\"description\":\"Tr\u00e6n dig i godt hum\u00f8r med dans.Hos os i Salsa Viborg underviser vi i cubansk salsa p\u00e5 flere hold og niveauer: begynder, improver, let \u00f8vet og \u00f8vet. Kik ind!\",\"breadcrumb\":{\"@id\":\"https:\\\/\\\/cp13.nordicway.dk\\\/~salsavib\\\/#breadcrumb\"},\"inLanguage\":\"da-DK\",\"potentialAction\":[{\"@type\":\"ReadAction\",\"target\":[\"https:\\\/\\\/cp13.nordicway.dk\\\/~salsavib\\\/\"]}]},{\"@type\":\"BreadcrumbList\",\"@id\":\"https:\\\/\\\/cp13.nordicway.dk\\\/~salsavib\\\/#breadcrumb\",\"itemListElement\":[{\"@type\":\"ListItem\",\"position\":1,\"name\":\"Hjem\",\"item\":\"https:\\\/\\\/cp13.nordicway.dk\\\/~salsavib\\\/\"},{\"@type\":\"ListItem\",\"position\":2,\"name\":\"Salsa Viborg &#8211; Home\"}]},{\"@type\":\"WebSite\",\"@id\":\"https:\\\/\\\/cp13.nordicway.dk\\\/~salsavib\\\/#website\",\"url\":\"https:\\\/\\\/cp13.nordicway.dk\\\/~salsavib\\\/\",\"name\":\"Salsa Viborg\",\"description\":\"Undervisnings tilbud salsa p\u00e5 begynder, improver, let \u00f8vet og \u00f8vet hold\",\"publisher\":{\"@id\":\"https:\\\/\\\/cp13.nordicway.dk\\\/~salsavib\\\/#organization\"},\"potentialAction\":[{\"@type\":\"SearchAction\",\"target\":{\"@type\":\"EntryPoint\",\"urlTemplate\":\"https:\\\/\\\/cp13.nordicway.dk\\\/~salsavib\\\/?s={search_term_string}\"},\"query-input\":{\"@type\":\"PropertyValueSpecification\",\"valueRequired\":true,\"valueName\":\"search_term_string\"}}],\"inLanguage\":\"da-DK\"},{\"@type\":\"Organization\",\"@id\":\"https:\\\/\\\/cp13.nordicway.dk\\\/~salsavib\\\/#organization\",\"name\":\"Salsa Viborg\",\"url\":\"https:\\\/\\\/cp13.nordicway.dk\\\/~salsavib\\\/\",\"logo\":{\"@type\":\"ImageObject\",\"inLanguage\":\"da-DK\",\"@id\":\"https:\\\/\\\/cp13.nordicway.dk\\\/~salsavib\\\/#\\\/schema\\\/logo\\\/image\\\/\",\"url\":\"https:\\\/\\\/i2.wp.com\\\/salsaviborg.dk\\\/wp-content\\\/uploads\\\/2019\\\/04\\\/salsa.jpg?fit=850%2C310&ssl=1\",\"contentUrl\":\"https:\\\/\\\/i2.wp.com\\\/salsaviborg.dk\\\/wp-content\\\/uploads\\\/2019\\\/04\\\/salsa.jpg?fit=850%2C310&ssl=1\",\"width\":850,\"height\":310,\"caption\":\"Salsa Viborg\"},\"image\":{\"@id\":\"https:\\\/\\\/cp13.nordicway.dk\\\/~salsavib\\\/#\\\/schema\\\/logo\\\/image\\\/\"},\"sameAs\":[\"https:\\\/\\\/www.facebook.com\\\/salsaviborg\\\/\"]}]}<\/script>\n<!-- \/ Yoast SEO plugin. -->","yoast_head_json":{"title":"Salsa Viborg - Home - Cubansk salsa dans i viborg","description":"Tr\u00e6n dig i godt hum\u00f8r med dans.Hos os i Salsa Viborg underviser vi i cubansk salsa p\u00e5 flere hold og niveauer: begynder, improver, let \u00f8vet og \u00f8vet. Kik ind!","robots":{"index":"index","follow":"follow","max-snippet":"max-snippet:-1","max-image-preview":"max-image-preview:large","max-video-preview":"max-video-preview:-1"},"canonical":"https:\/\/cp13.nordicway.dk\/~salsavib\/","og_locale":"da_DK","og_type":"article","og_title":"Salsa Viborg - Home - Cubansk salsa dans i viborg","og_description":"Tr\u00e6n dig i godt hum\u00f8r med dans.Hos os i Salsa Viborg underviser vi i cubansk salsa p\u00e5 flere hold og niveauer: begynder, improver, let \u00f8vet og \u00f8vet. Kik ind!","og_url":"https:\/\/cp13.nordicway.dk\/~salsavib\/","og_site_name":"Salsa Viborg","article_publisher":"https:\/\/www.facebook.com\/salsaviborg\/","article_modified_time":"2025-12-05T14:38:52+00:00","twitter_card":"summary_large_image","twitter_misc":{"Estimeret l\u00e6setid":"3 minutter"},"schema":{"@context":"https:\/\/schema.org","@graph":[{"@type":"WebPage","@id":"https:\/\/cp13.nordicway.dk\/~salsavib\/","url":"https:\/\/cp13.nordicway.dk\/~salsavib\/","name":"Salsa Viborg - Home - Cubansk salsa dans i viborg","isPartOf":{"@id":"https:\/\/cp13.nordicway.dk\/~salsavib\/#website"},"datePublished":"2019-04-13T16:30:24+00:00","dateModified":"2025-12-05T14:38:52+00:00","description":"Tr\u00e6n dig i godt hum\u00f8r med dans.Hos os i Salsa Viborg underviser vi i cubansk salsa p\u00e5 flere hold og niveauer: begynder, improver, let \u00f8vet og \u00f8vet. Kik ind!","breadcrumb":{"@id":"https:\/\/cp13.nordicway.dk\/~salsavib\/#breadcrumb"},"inLanguage":"da-DK","potentialAction":[{"@type":"ReadAction","target":["https:\/\/cp13.nordicway.dk\/~salsavib\/"]}]},{"@type":"BreadcrumbList","@id":"https:\/\/cp13.nordicway.dk\/~salsavib\/#breadcrumb","itemListElement":[{"@type":"ListItem","position":1,"name":"Hjem","item":"https:\/\/cp13.nordicway.dk\/~salsavib\/"},{"@type":"ListItem","position":2,"name":"Salsa Viborg &#8211; Home"}]},{"@type":"WebSite","@id":"https:\/\/cp13.nordicway.dk\/~salsavib\/#website","url":"https:\/\/cp13.nordicway.dk\/~salsavib\/","name":"Salsa Viborg","description":"Undervisnings tilbud salsa p\u00e5 begynder, improver, let \u00f8vet og \u00f8vet hold","publisher":{"@id":"https:\/\/cp13.nordicway.dk\/~salsavib\/#organization"},"potentialAction":[{"@type":"SearchAction","target":{"@type":"EntryPoint","urlTemplate":"https:\/\/cp13.nordicway.dk\/~salsavib\/?s={search_term_string}"},"query-input":{"@type":"PropertyValueSpecification","valueRequired":true,"valueName":"search_term_string"}}],"inLanguage":"da-DK"},{"@type":"Organization","@id":"https:\/\/cp13.nordicway.dk\/~salsavib\/#organization","name":"Salsa Viborg","url":"https:\/\/cp13.nordicway.dk\/~salsavib\/","logo":{"@type":"ImageObject","inLanguage":"da-DK","@id":"https:\/\/cp13.nordicway.dk\/~salsavib\/#\/schema\/logo\/image\/","url":"https:\/\/i2.wp.com\/salsaviborg.dk\/wp-content\/uploads\/2019\/04\/salsa.jpg?fit=850%2C310&ssl=1","contentUrl":"https:\/\/i2.wp.com\/salsaviborg.dk\/wp-content\/uploads\/2019\/04\/salsa.jpg?fit=850%2C310&ssl=1","width":850,"height":310,"caption":"Salsa Viborg"},"image":{"@id":"https:\/\/cp13.nordicway.dk\/~salsavib\/#\/schema\/logo\/image\/"},"sameAs":["https:\/\/www.facebook.com\/salsaviborg\/"]}]}},"jetpack_sharing_enabled":true,"jetpack_shortlink":"https:\/\/wp.me\/PaU1be-j","jetpack_likes_enabled":true,"_links":{"self":[{"href":"https:\/\/cp13.nordicway.dk\/~salsavib\/wp-json\/wp\/v2\/pages\/19","targetHints":{"allow":["GET"]}}],"collection":[{"href":"https:\/\/cp13.nordicway.dk\/~salsavib\/wp-json\/wp\/v2\/pages"}],"about":[{"href":"https:\/\/cp13.nordicway.dk\/~salsavib\/wp-json\/wp\/v2\/types\/page"}],"author":[{"embeddable":true,"href":"https:\/\/cp13.nordicway.dk\/~salsavib\/wp-json\/wp\/v2\/users\/1"}],"replies":[{"embeddable":true,"href":"https:\/\/cp13.nordicway.dk\/~salsavib\/wp-json\/wp\/v2\/comments?post=19"}],"version-history":[{"count":65,"href":"https:\/\/cp13.nordicway.dk\/~salsavib\/wp-json\/wp\/v2\/pages\/19\/revisions"}],"predecessor-version":[{"id":2000,"href":"https:\/\/cp13.nordicway.dk\/~salsavib\/wp-json\/wp\/v2\/pages\/19\/revisions\/2000"}],"wp:attachment":[{"href":"https:\/\/cp13.nordicway.dk\/~salsavib\/wp-json\/wp\/v2\/media?parent=19"}],"curies":[{"name":"wp","href":"https:\/\/api.w.org\/{rel}","templated":true}]}}